vative of -2*r**3/3 - 7*r**2/2 - 6*r + 8. Determine b(-5).
-21
Suppose 3*i + i - 4 = 0. Let m(a) = -a**2 + 8*a - 9. Let v be m(7). Let j = v + i. Let b(w) = 7*w + 1. Calculate b(j).
-6
Let x(i) = 13*i**3 - i**2 - i + 1. Let h be x(1). Let l = h - 17. Let j(k) = 3*k**3 - k + 2*k**2 - 2*k**3 + 3*k**2 - 5. Give j(l).
0
Let s(l) be the third derivative of 7*l**4/24 - l**3/2 + 7*l**2. Calculate s(2).
11
Suppose -5*k = -3*f - 6 - 15, 5*k - 7 = -4*f. Let j(d) = d + 12. Let o be j(-8). Let x(c) = 0 - o*c**2 - c + 0*c + c**3 - 2 + 3*c. What is x(k)?
-5
Let n = -8 + 18. Suppose 0*u + 5*r = -4*u + 20, -2*u + n = 2*r. Let i(q) = -q**3 + 6*q**2 - 3*q - 7. Calculate i(u).
3
Let g(u) = -2*u**2 - u + 1. Suppose 0*x + 5*f = -4*x + 2, -5*x - 4*f - 2 = 0. Give g(x).
-5
Let t(g) = 4*g + 11. Let h(m) = 5*m + 10. Let r(p) = 3*h(p) - 4*t(p). Determine r(0).
-14
Let x(q) = q - 1. Let o(s) = 2*s - 1. Let h(b) = -o(b) - 2*x(b). What is h(2)?
-5
Let k = -14 + 14. Suppose 4*p - 4 - 16 = k. Let u(y) = y - 11. Calculate u(p).
-6
Let b(l) = l**2 - 2*l + 1. Let a be b(1). Let d(c) = -3*c + a*c + c**2 + 3*c. Determine d(0).
0
Let p(c) = c + 6. Let x(d) be the second derivative of d**5/10 - d**4/6 - d**3/6 - 3*d. Let i be x(-1). Calculate p(i).
3
Let i(g) = 0 - 3*g + g - 3 + 0. Suppose 0 = 4*n - 3*z + 15, 0*n = -5*n + 5*z - 20. Give i(n).
3
Let z(y) = 4*y + 6. Let x(m) = -4*m - 5. Let w(p) = -3*x(p) - 4*z(p). Suppose 5*k + 1 + 29 = 0. Calculate w(k).
15
Let c(s) = -2*s**2 - 3*s - 3. Let z = 5 + -5. Suppose 0*n + 5*n + 10 = 0. Let k = n - z. Give c(k).
-5
Let d be (-3)/((-6)/4) + 13. Suppose 0*z = -5*z + d. Let o(t) = -t + z*t**3 - 4*t**3 - 1 + 3*t**2 + 3*t. Determine o(4).
-9
Let n(h) = -7*h**3 - 8*h**2 - 6*h + 3. Let s(c) = 3*c**3 + 4*c**2 + 3*c - 2. Let k(v) = -2*n(v) - 5*s(v). Determine k(-3).
4
Let h(d) = -d**3 - 7*d**2 - 4. Suppose 2*c = 2, 5*s + 0 = -3*c + 3. Suppose 0 = 3*t + 2*a - 3*a + 21, -2*t - 3*a - 14 = s. Calculate h(t).
-4
Let j(s) = s - 6. Let w(z) = -z - 1. Let o be -1*1*(3 + 0). Let b(a) = a**3 + 4*a**2 + 2*a - 1. Let c be b(o). Let v(t) = c*w(t) + j(t). What is v(-6)?
-2
Let o = 5 - 1. Let m(d) = -d**2 + 10*d - 5. Calculate m(o).
19
Suppose 3*w - 4*y - 26 = -6*y, 5*w = 4*y + 14. Let c(k) = k - 13. Calculate c(w).
-7
Let t(f) = f**3 + f**2 - 3*f + 2. Suppose -28*h - 48 = -12*h. Determine t(h).
-7
Let r(t) be the second derivative of -t**5/60 - t**4/24 - t**2 - 2*t. Let j(h) be the first derivative of r(h). Determine j(1).
-2
Let f(x) be the first derivative of x**3/3 + x**2/2 + x + 45. What is f(-3)?
7
Let v be (-9)/(-2) - (-9)/(-18). Let j(c) = c**3 - 4*c**2 + 3*c + 1. Let a(o) = -4*o**3 + 16*o**2 - 12*o - 5. Let k(i) = 2*a(i) + 9*j(i). Give k(v).
11
Let o(m) = 6*m - 2*m + 0 - 2 - 5*m. Let j = -5 - -8. Suppose 4*d = -5*c + 26, -2*c - 2 = -j*d + 6. Calculate o(c).
-4
Let r = -14 + 15. Let a(h) = 2*h**2 + r + h**3 + 1 - 4. Calculate a(-2).
-2
Let x(z) be the first derivative of -7*z**3/3 - z + 5. What is x(-1)?
-8
Let o(x) = 3 + 17*x + 18*x - 33*x + 2*x**3 + 3*x**2. What is o(-2)?
-5
Let t(p) be the third derivative of -p**5/60 + p**4/4 - p**3/2 + 6*p**2. Determine t(2).
5
Suppose -5*y = -59 + 9. Let a be y/14 + 4/14. Let d(q) = -2*q - 3*q**3 + 2*q**3 + 0 + 2*q**3 + 1. Calculate d(a).
0
Let b(r) = 5*r**2 + 1. Let j(u) = -25*u**2 - 6. Let m(o) = -11*b(o) - 2*j(o). Give m(1).
-4
Let j(k) = k**2 + 2*k + 6. Let l be j(-6). Let c be (4/(-10))/(3/l). Let d be 2/(-8) + (-1)/c. Let r(x) = x + 5. Determine r(d).
5
Let y(n) be the first derivative of n**3/3 + 3*n**2/2 - n - 9. What is y(-4)?
3
Let v(x) = x**2 - 3*x - 5. Suppose 5*q - 9 - 11 = 0. Let d = q - 2. Let l be 4 - (1*-2 + d). What is v(l)?
-1
Suppose -3*q = 18 - 0. Let g be ((-12)/9)/(4/q). Let k(p) = 3*p**2 - 2*p**2 - 4*p + p**2 - p**3 + g. What is k(2)?
-6
Let v = 4 - 1. Let r(f) = f**2 + 0*f - 1 + 3 - 2*f**2 + v*f. Let j be (-1)/((-3)/12*1). What is r(j)?
-2
Suppose 0 = 4*b - 2*d - 14, -5*b + 0*d + 55 = 5*d. Let c(i) = -i**3 + 6*i**2 + 4*i - 3. Give c(b).
21
Let l(w) be the second derivative of w**4/12 - 5*w**3/6 - 5*w**2/2 + 7*w. Determine l(6).
1
Let z(h) = -h**3 + h**2 + 3*h - 2. Let g(x) = x**3 + x - 1. Let q(y) = -2*g(y) + z(y). Calculate q(-1).
3
Let a(k) = -5 - 4*k**2 + 4*k + 8*k - k**3 - 12*k. Suppose -x + 0*x - 4 = 0. Calculate a(x).
-5
Let a(s) = s**3 + 4*s**2 + 2*s - 1. Let n(p) = p**3 + 7*p**2 + 10*p + 6. Let b be n(-6). Let f be (-64)/36 + 4/b. Calculate a(f).
3
Let s(x) = 13*x**3 - 6*x**3 + 7 - 6*x**3 - 7*x**2 - 7*x - 2*x. What is s(8)?
-1
Let i(m) = -m**2 + 5*m. Suppose 0*y - 45 = -5*r + 2*y, 0 = 5*r + 3*y - 20. Calculate i(r).
-14
Let a = 0 - -2. Suppose 2*h = -a*y + 4, y - 2*h = 4*y - 8. Let k(r) = -r + 9. Calculate k(y).
5
Let u be 8/10*(-280)/(-16). Let y(b) = -10*b**2 + 1 - u*b**2 + 23*b**2 - b. Let n = -2 + 3. Determine y(n).
-1
Let p be 2 + (0 - 6/(-3)). Let n(t) = -p*t + 2 + 1 + 3*t - 6. Give n(5).
-8
Let i(j) = -2*j - 7. Let b = 41 - 21. Let d be (-5 - -2)*b/12. Calculate i(d).
3
Let l(u) = -u + 15. Let f(w) = w - 8. Let n(c) = -7*f(c) - 4*l(c). Determine n(-3).
5
Let b(x) = -x**2 + 4*x - 5. Let s(c) = -c**2 + 0 + 1 - 2*c - 3 - c**3. Let j be s(-2). Suppose -3*h = -j*h + 12. Give b(h).
-5
Let h(k) be the second derivative of k**6/360 - k**4/24 - k**3/6 - k. Let s(d) be the second derivative of h(d). Give s(2).
3
Let x = 41 + -44. Let r(l) = l**3 + l**2 - 3*l + 1. What is r(x)?
-8
Let j(l) = -l**2 + 9*l - 2. Let y be j(8). Let b(o) = -3 + o**2 - 7*o**3 - o + y*o**3 - 2*o**2. Determine b(0).
-3
Let r(m) = m**3 - m + 62*m**2 + 0 - 63*m**2 - 1. Give r(0).
-1
Let o(k) = -5*k**2 + k + 1. Let b = -94 - -93. What is o(b)?
-5
Suppose 4*k = n - 4*n + 5, -2*k - 4*n = -10. Let d(z) = -13*z - 2. Let g(y) = 7*y + 1. Let f(s) = 4*d(s) + 7*g(s). Determine f(k).
2
Let d be 72/20*(-20)/(-12). Let z(w) = 3 - 2*w + w - d. Give z(-3).
0
Let n(b) = b**3 - b**2 + 1. Let c(m) = -4*m**3 + 6*m**2 - m - 7. Suppose p + 1 = 2*l, 5*p - 2 = -17. Let z(a) = l*c(a) - 5*n(a). Calculate z(0).
2
Let v(j) = -j**3 + 7*j**2 - 6*j + 1. Let h = -20 - -13. Let t = 4 + h. Let c be (6/t - -14)/2. Determine v(c).
1
Let n be -2 + 1 + 4 + -3. Suppose -3*u = 2*u + 3*o - 39, -3*u = -2*o - 12. Let g(a) = -2 + a + u + 1. Calculate g(n).
5
Let t be 4/(40/6)*5. Let v(u) = 2*u - 96 + 45 + 48. Calculate v(t).
3
Let q(k) = k**3 - 2*k**2 + 2*k - 2. Let v(y) = y**2 - 12*y - 9. Let i be v(8). Let s be i/2 - (-2)/4. Let a be s/(-8) + 2/(-4). Calculate q(a).
2
Let l(k) = -5*k**2 + k - 1. Let z(c) = -9*c**2 + 2*c - 2. Let a(g) = 5*l(g) - 3*z(g). Give a(2).
7
Let b = 57 - 66. Let g(f) = -f - 10. What is g(b)?
-1
Suppose 5 = -3*b - 0*b - 5*p, -4*p = 2*b + 6. Let s(v) = -v**3 + 6*v**2 - 3*v - 3. Determine s(b).
7
Let g(w) = 1 - 5*w**2 + 12*w + w**2 + 3*w**2 - 6*w. Determine g(4).
9
Let p = 82 - 82. Let s(x) be the second derivative of -1/2*x**2 + p + 2/3*x**3 + 1/6*x**4 - 2*x. Give s(-3).
5
Let g be (-2)/(-9) - (-66)/(-54). Let w be (g/(-3))/((-5)/(-15)). Let n(d) = -12*d**3 + d**2. Determine n(w).
-11
Suppose -4*g - 3*f = 4, -2*g - 1 = -4*f + 1. Let b(c) = 2*c**2 - c - 1. What is b(g)?
2
Let n(s) = -s**2 + 1 + 1 - 5*s + 1 - 2. Calculate n(-3).
7
Let f be (-4)/(-22) + 9/11. Let l(n) = n**3 - 7*n**2 + 2*n + 7. Let i(h) = -h**2 - h + 1. Let t(c) = f*l(c) - i(c). Give t(5).
-4
Suppose 14 - 38 = 4*t. Let n(l) = -4*l + l**2 + l - l + 2 + 11*l. Determine n(t).
-4
Suppose 33*g = 25*g. Let t(i) be the third derivative of 1/12*i**4 + 3*i**2 + 0 - 1/2*i**3 + g*i. Calculate t(-3).
-9
Let k(p) = p**3 - 2*p**2 + p - 4. Let q be k(3). Let y(z) = -6 + q + 9 - z. Suppose 0 = 2*d - 9 - 1. Give y(d).
6
Let i(l) = l**2 - l - 6. Let t(g) = -g - 1. Let r = 14 - 20. Let w be t(r). Suppose -w*p = -2*p. Calculate i(p).
-6
Let q(h) = -3*h**2 + 7 + 2*h**2 - 6*h - 5 + 5. Determine q(-7).
0
Let a(p) = 6*p**3 + p**2 + p. Let r(v) = 6*v**2 - 2*v - 5. Let t(z) = z**2 - z. Let w = 6 + -5. Let d(n) = w*r(n) - 5*t(n). Let m be d(-4). Determine a(m).
-6
Let s(y) be the first derivative of -y**2/2 - 5. Calculate s(1).
-1
Let q(d) = -2*d**3 - 18*d**2 + 9*d + 15. Let p(n) = -n**3 - 9*n**2 + 5*n + 8. Let b(j) = -7*p(j) + 4*q(j). Calculate b(-9).
-5
Suppose 2*i - 12 = -2*r, -r + 5*r = 4*i - 8. Let c be r + 1 + -3 + 2. Let o(y) = -y**2 + 4*y - 1. What is o(c)?
3
Let o(h) be the first